301103?
-2310323
In base 7, what is -160155211 - 5?
-160155216
In base 11, what is 367893a0 + 1a?
3678940a
In base 13, what is -4a - 1212b?
-12178
In base 12, what is 37175 - -650?
37805
In base 16, what is -5 + dbcd?
dbc8
In base 15, what is -708a336 + 6?
-708a330
In base 10, what is 286404 + 13?
286417
In base 4, what is 3223 + -11033301?
-11030012
In base 10, what is 245336 + -196?
245140
In base 2, what is 1010101110 + -10110001?
111111101
In base 12, what is 0 + -b52615?
-b52615
In base 11, what is 8a + 43?
122
In base 4, what is 3 - -13002031123221?
13002031123230
In base 15, what is -21c - -80d6?
7db9
In base 15, what is -c3b303 + 9?
-c3b2e9
In base 15, what is 42a - -15?
440
In base 14, what is b42d5 + -3?
b42d2
In base 13, what is 4 + 1a1436c1?
1a1436c5
In base 13, what is 147980c + -10?
14797cc
In base 16, what is 32bb1 + 1d?
32bce
In base 4, what is -1 + 21220012303101?
21220012303100
In base 2, what is 100110100000001001 + 1111110111?
100110110000000000
In base 15, what is 491c34 + -76?
491bad
In base 16, what is 2d4 - -244b?
271f
In base 4, what is 1221001212 - -222?
1221002100
In base 3, what is 10012 + -10222111011?
-10222100222
In base 12, what is -5 + 342471b3?
342471aa
In base 8, what is 116326 + 151?
116477
In base 4, what is -21 - -2303320320030?
2303320320003
In base 16, what is -103942e1 + 4?
-103942dd
In base 6, what is 1032131453 + -11?
1032131442
In base 15, what is 378650 + -6?
378649
In base 3, what is -2122021 - -202001010002?
201221110211
In base 14, what is -1 - 4a14506?
-4a14507
In base 11, what is 544 - -265?
7a9
In base 9, what is -5111 + -22313?
-27424
In base 14, what is 84a163 + 3c?
84a1a1
In base 11, what is 787 + 10a438?
110114
In base 3, what is -2 - 1000102011202202?
-1000102011202211
In base 10, what is -4 - 10423768?
-10423772
In base 9, what is 241408 - -105?
241514
In base 2, what is 1101011011100110001100 + 0?
1101011011100110001100
In base 6, what is 3 + -44125404?
-44125401
In base 2, what is -10 - -1100100001000010001110?
1100100001000010001100
In base 13, what is c - 1ac7a?
-1ac6b
In base 16, what is -41d790e - 2?
-41d7910
In base 15, what is c566617 - 5?
c566612
In base 8, what is 36533754 + -21?
36533733
In base 9, what is -132 - -607663?
607531
In base 5, what is -1203402 - -30000?
-1123402
In base 12, what is 450856 + 3b?
450895
In base 7, what is 12 - 10263563?
-10263551
In base 7, what is -4 - -312240266?
312240262
In base 14, what is -3 - 2256da2?
-2256da5
In base 6, what is -20200051211 - -1?
-20200051210
In base 13, what is a20b446 - -6?
a20b44c
In base 15, what is -615 + -728?
-d3d
In base 11, what is 6 - 2259809?
-2259803
In base 7, what is 5034 + -654225?
-646161
In base 2, what is -1101110100100111011110 - 100?
-1101110100100111100010
In base 7, what is -440653603 - -126?
-440653444
In base 8, what is -112623 + -6026?
-120651
In base 12, what is 92 + 250137?
250209
In base 6, what is 224 - -14500401?
14501025
In base 14, what is 83 + 4b653?
4b6d6
In base 5, what is -34412 + -243021?
-332433
In base 7, what is 6612 + -202430?
-162515
In base 8, what is -51500014 + 3?
-51500011
In base 8, what is 31200 - -715?
32115
In base 3, what is 1212002102 - -2221221?
1222001100
In base 10, what is 43600471 - 4?
43600467
In base 4, what is -131111331 + 12?
-131111313
In base 16, what is 36 - -76344?
7637a
In base 13, what is 5 + -4393956?
-4393951
In base 6, what is 24550310 - -31?
24550341
In base 12, what is 7b306 + 86a?
7bb74
In base 12, what is -549a91 - -8?
-549a85
In base 9, what is 3 + 83612271?
83612274
In base 5, what is 2 - -2111411013?
2111411020
In base 11, what is 781 - 3012?
-2341
In base 14, what is 3 + -5940d60?
-5940d5b
In base 15, what is -634 + 7aa7?
7473
In base 13, what is 7bab - -19?
7bc7
In base 13, what is 6c + -4b0bb?
-4b04c
In base 13, what is -222 + -12861?
-12a83
In base 16, what is 4622f - -6e?
4629d
In base 6, what is 22321155420 + -11?
22321155405
In base 8, what is -31506 + 11507?
-17777
In base 11, what is 4 - -227a162?
227a166
In base 8, what is -550377321 + 2?
-550377317
In base 2, what is 1111100000011011100100 + -11101?
1111100000011011000111
In base 16, what is -4c + 4117d3?
411787
In base 8, what is 1017 - 32622?
-31603
In base 8, what is -454 - 6641?
-7315
In base 9, what is 4 + -217477436?
-217477432
In base 10, what is 757672903 - 2?
757672901
In base 13, what is -1c882a + 29?
-1c8801
In base 9, what is -232683376 + -3?
-232683380
In base 8, what is -401251225 + -1?
-401251226
In base 15, what is 1 - 4880d76?
-4880d75
In base 16, what is 91 - -d719e?
d722f
In base 11, what is 6 - -16326a6?
1632701
In base 5, what is 23212222300 - -3?
23212222303
In base 4, what is -11103200121 - -1223?
-11103132232
In base 15, what is 1401974 + b?
1401980
In base 10, what is 22691 + -35?
22656
In base 4, what is -3103323 - 3100121?
-12210110
In base 6, what is 5555133 - 3015?
5552114
In base 9, what is -57 - 578462?
-578530
In base 10, what is -4 - 2870697?
-2870701
In base 16, what is a1 - -15f7a?
1601b
In base 7, what is -545161565 - 5?
-545161603
In base 4, what is 11 + -3033033131?
-3033033120
In base 9, what is -10246 + 35133?
24776
In base 14, what is -658 + 3aa6?
344c
In base 13, what is -1249a87 + -16?
-1249aa0
In base 6, what is 32 - 12552353?
-12552321
In base 2, what is 10011010000010001100 - 10001010?
10011010000000000010
In base 8, what is 1526263165 + -5?
1526263160
In base 16, what is ce0 + 11b0?
1e90
In base 16, what is 3 + -2b0633?
-2b0630
In base 9, what is 5 - 1004664?
-1004658
In base 16, what is 271 + -ccb29?
-cc8b8
In base 12, what is -245 - 1a80?
-2105
In base 16, what is 22e2c + -20?
22e0c
In base 14, what is 5 - -19619c0?
19619c5
In base 12, what is 16043 + 11?
16054
In base 10, what is 4256 - -115979?
120235
In base 3, what is -111200 + -20011222210022?
-20012000021222
In base 5, what is -134303232 + -20?
-134303302
In base 6, what is 132 - 1120501353?
-1120501221
In base 10, what is -2 - 37724966?
-37724968
In base 15, what is -97da + 21d?
-95bc
In base 15, what is 95bb + 2a?
95e6
In base 5, what is -40120 + -2242440?
-2333110
In base 10, what is 2 + -114433870?
-114433868
In base 14, what is 4077181 + 0?
4077181
In base 5, what is 14342000 + -10?
14341440
In base 8, what is 10611260 - 14?
10611244
In base 9, what is 1448040 + 242?
1448282
In base 15, what is -2 + a8379?
a8377
In base 12, what is 60 - -2071a5b?
2071abb
In base 15, what is -65de5 - 31?
-65e26
In base 13, what is 1 + c69760?
c69761
In base 12, what is 3b7 + 101844?
10203b
In base 16, what is f1b - 1e4?
d37
In base 11, what is -4 + 3718702?
37186a9
In base 16, what is -121d391 + -1f?
-121d3b0
In base 12, what is 1293 + 7a72?
9145
In base 16, what is 5235b + -72?
522e9
In base 7, what is 12 + -151321?
-151306
In base 5, what is 1304 - -210302144?
210304003
In base 16, what is -1af2d + 1c25?
-19308
In base 8, what is 5701 + 2276?
10177
In base 2, what is -101 - 10011011011000011010101000?
-10011011011000011010101101
In base 4, what is -30 + 100202132002?
100202131312
In base 15, what is -ce - -1c70b?
1c62c
In base 7, what is -344 + -101245241?
-101245615
In base 10, what is -30 - -92391?
92361
In base 9, what is -171507 + -1?
-171508
In base 16, what is 5 + 434bf?
434c4
In base 14, what is -3 - -1d6a5133?
1d6a5130
In base 13, what is 21 + 2744c1?
274512
In base 6, what is 1251122 - -10405?
1301531
In base 16, what is -53896c8 - -4?
-53896c4
In base 3, what is 21 + -202210210112?
-202210210021
In base 9, what is 2141663 - 6?
2141656
In base 2, what is 10010001101101110010011011 - -11000?
10010001101101110010110011
In base 10, what is 1280976 - -15?
1280991
In base 2, what is 1101110100110 - 10011111?
1101100000111
In base 10, what is -2 + -16205349?
-16205351
In base 2, what is 10 - -1100001110111110000000110010?
1100001110111110000000110100
In base 15, what is 4c659 + -252?
4c407
In base 4, what is -133322121332000 - -1?
-133322121331333
In base 16, what is -122 + 1d42e?
1d30c
In base 12, what is 2a + 8737a9?
873817
In base 7, what is 36456115113 + 4?
36456115120
In base 7, what is 0 + -4506222042?
-4506222042
In base 3, what is 20102 + 200021202122?
200022000001
In base 2, what is 1010111000 + 101100011000111?
101101101111111
In base 9, what is 1117 + -1762844?
-1761726
In bas